{"id":1027,"date":"2021-11-30T14:37:32","date_gmt":"2021-11-30T13:37:32","guid":{"rendered":"http:\/\/szolnok.lutheran.hu\/content\/?page_id=1027"},"modified":"2021-11-30T15:03:50","modified_gmt":"2021-11-30T14:03:50","slug":"tamogatas","status":"publish","type":"page","link":"https:\/\/szolnok.lutheran.hu\/content\/?page_id=1027","title":{"rendered":"T\u00e1mogat\u00e1s"},"content":{"rendered":"\n<h4 class=\"wp-block-heading\">Spiritu\u00e1lis l\u00e1bnyom<\/h4>\n\n\n\n<p>Sok sz\u00f3 esik manaps\u00e1g az ember \u201e\u00f6kol\u00f3giai l\u00e1bnyom\u00e1r\u00f3l\u201d. Az, ahogyan az \u00e9let\u00e9t \u00e9li, mennyi er\u0151forr\u00e1st em\u00e9szt f\u00f6l, \u00e9s milyen kihat\u00e1ssal van a k\u00f6rnyezetre. Az ember arra hivatott, hogy a vil\u00e1got \u201em\u0171velje \u00e9s \u0151rizze\u201d (1M\u00f3z 2,15).<\/p>\n\n\n\n<p>Gondoltunk-e m\u00e1r arra, hogy lehet az \u00e9let\u00fcnknek j\u00f3t\u00e9kony \u201elelki l\u00e1bnyoma\u201d? Vagyis: val\u00f3di hat\u00e1ssal lehet\u00fcnk arra, hogy a vil\u00e1got lelki, szellemi, kultur\u00e1lis, szoci\u00e1lis t\u00e9ren helyre\u00e1ll\u00edtsuk, igaz\u00edtsuk.<\/p>\n\n\n\n<p>Ennek a tanul\u00f3terepe \u00e9s eszk\u00f6ze a gy\u00fclekezet. A gy\u00fclekezet p\u00f3tolhatatlan \u00e9s felt\u00e9tlen\u00fcl sz\u00fcks\u00e9ges szolg\u00e1latot v\u00e9gez ebben a v\u00e1rosban \u00e9s k\u00f6rny\u00e9k\u00e9n. Ami r\u00e1nk van b\u00edzva, azt senki m\u00e1s nem tudja adni. Munk\u00e1nk r\u00e9v\u00e9n emberi \u00e9letek, kapcsolatok gy\u00f3gyulnak, gyermekeket, fiatalokat tan\u00edtunk j\u00f3l eligazodni a vil\u00e1gban, \u00e9rt\u00e9kes c\u00e9lok\u00e9rt \u00e9lni; feln\u0151ttek tal\u00e1lj\u00e1k meg \u00f6r\u00f6m\u00fcket a hivat\u00e1sukban, csal\u00e1di \u00e9s k\u00f6z\u00f6ss\u00e9gi \u00e9let\u00fckben, id\u0151sek, r\u00e1szorul\u00f3k t\u00e1rsakat \u00e9s t\u00e1maszt kapnak\u2026 Ott vagyunk az \u00e9let minden ter\u00fclet\u00e9n minden koroszt\u00e1lyban \u00e9s minden \u00e9lethelyzetben.<\/p>\n\n\n\n<p>Kevesen tudj\u00e1k, hogy a gy\u00fclekezet minden tev\u00e9kenys\u00e9g\u00e9t \u2013 Isten szeretet\u00e9t \u2013 ingyen adja. De ez az\u00e9rt lehets\u00e9ges, mert akik felismert\u00e9k, hogy ez fontos, azok adom\u00e1nyaikkal fenntartj\u00e1k a gy\u00fclekezetet.<\/p>\n\n\n\n<p>Ha sz\u00edvesen r\u00e9sze lenne Isten csapat\u00e1nak, \u00e9s szeretne j\u00f3t\u00e9kony &#8222;lelki l\u00e1bnyomot&#8221; hagyni ebben a vil\u00e1gban, \u00f6r\u00f6mmel fogadjuk anyagi hozz\u00e1j\u00e1rul\u00e1s\u00e1t \u00e9s \u00f6nk\u00e9ntes munk\u00e1j\u00e1t.<\/p>\n\n\n\n<p>Adom\u00e1ny\u00e1t eljuttathatja hozz\u00e1nk<\/p>\n\n\n\n<ul class=\"wp-block-list\"><li>szem\u00e9lyesen \u2013 egyeztess\u00fcnk a tal\u00e1lkoz\u00e1sr\u00f3l! <a href=\"https:\/\/szolnok.lutheran.hu\/content\/?page_id=592(megnyit\u00e1s \u00faj f\u00fcl\u00f6n)\">Kapcsolat ide kattintva el\u00e9rhet\u0151.<\/a><\/li><li>\u00e1tutal\u00e1ssal a Szolnoki Evang\u00e9likus Egyh\u00e1zk\u00f6zs\u00e9g 11745011-20055071 sz\u00e1ml\u00e1j\u00e1ra<\/li><li>csekken \u2013 k\u00e9rje el\u00e9rhet\u0151s\u00e9geink valamelyik\u00e9n! <a href=\"https:\/\/szolnok.lutheran.hu\/content\/?page_id=592(megnyit\u00e1s \u00faj f\u00fcl\u00f6n)\">Kapcsolat ide kattintva el\u00e9rhet\u0151.<\/a><\/li><li>k\u00e1rty\u00e1val, online befizet\u00e9ssel.<\/li><\/ul>\n\n\n\n<p><a href=\"https:\/\/perselypenz.hu\">Online befizet\u00e9shez kattintson ide.<\/a><\/p>\n\n\n\n<p>T\u00e1mogathatja szolg\u00e1latunkat alap\u00edtv\u00e1nyunkon kereszt\u00fcl. <a href=\"https:\/\/szolnok.lutheran.hu\/content\/?page_id=308(megnyit\u00e1s \u00faj f\u00fcl\u00f6n)\">B\u0151vebben&#8230;<\/a><\/p>\n\n\n\n<p>Ad\u00f3ja 1%-\u00e1t is felaj\u00e1nlhatja. <a href=\"https:\/\/szolnok.lutheran.hu\/content\/?page_id=1031\">B\u0151vebben&#8230;<\/a><\/p>\n","protected":false},"excerpt":{"rendered":"<p>Spiritu\u00e1lis l\u00e1bnyom Sok sz\u00f3 esik manaps\u00e1g az ember \u201e\u00f6kol\u00f3giai l\u00e1bnyom\u00e1r\u00f3l\u201d. Az, ahogyan az \u00e9let\u00e9t \u00e9li, mennyi er\u0151forr\u00e1st em\u00e9szt f\u00f6l, \u00e9s milyen kihat\u00e1ssal van a k\u00f6rnyezetre. Az ember arra hivatott, hogy a vil\u00e1got \u201em\u0171velje \u00e9s \u0151rizze\u201d (1M\u00f3z 2,15). Gondoltunk-e m\u00e1r arra, hogy lehet az \u00e9let\u00fcnknek j\u00f3t\u00e9kony \u201elelki l\u00e1bnyoma\u201d? Vagyis: val\u00f3di hat\u00e1ssal lehet\u00fcnk arra, hogy a vil\u00e1got &hellip; <\/p>\n<p><a class=\"more-link btn\" href=\"https:\/\/szolnok.lutheran.hu\/content\/?page_id=1027\">Olvass tov\u00e1bb<\/a><\/p>\n","protected":false},"author":1,"featured_media":0,"parent":0,"menu_order":0,"comment_status":"closed","ping_status":"closed","template":"","meta":{"footnotes":""},"class_list":["post-1027","page","type-page","status-publish","hentry","nodate","item-wrap"],"_links":{"self":[{"href":"https:\/\/szolnok.lutheran.hu\/content\/index.php?rest_route=\/wp\/v2\/pages\/1027","targetHints":{"allow":["GET"]}}],"collection":[{"href":"https:\/\/szolnok.lutheran.hu\/content\/index.php?rest_route=\/wp\/v2\/pages"}],"about":[{"href":"https:\/\/szolnok.lutheran.hu\/content\/index.php?rest_route=\/wp\/v2\/types\/page"}],"author":[{"embeddable":true,"href":"https:\/\/szolnok.lutheran.hu\/content\/index.php?rest_route=\/wp\/v2\/users\/1"}],"replies":[{"embeddable":true,"href":"https:\/\/szolnok.lutheran.hu\/content\/index.php?rest_route=%2Fwp%2Fv2%2Fcomments&post=1027"}],"version-history":[{"count":6,"href":"https:\/\/szolnok.lutheran.hu\/content\/index.php?rest_route=\/wp\/v2\/pages\/1027\/revisions"}],"predecessor-version":[{"id":1049,"href":"https:\/\/szolnok.lutheran.hu\/content\/index.php?rest_route=\/wp\/v2\/pages\/1027\/revisions\/1049"}],"wp:attachment":[{"href":"https:\/\/szolnok.lutheran.hu\/content\/index.php?rest_route=%2Fwp%2Fv2%2Fmedia&parent=1027"}],"curies":[{"name":"wp","href":"https:\/\/api.w.org\/{rel}","templated":true}]}}

Támogatás

<h4 class="wp-block-heading">Spirituális lábnyom</h4>



<p>Sok szó esik manapság az ember „ökológiai lábnyomáról”. Az, ahogyan az életét éli, mennyi erőforrást emészt föl, és milyen kihatással van a környezetre. Az ember arra hivatott, hogy a világot „művelje és őrizze” (1Móz 2,15).</p>



<p>Gondoltunk-e már arra, hogy lehet az életünknek jótékony „lelki lábnyoma”? Vagyis: valódi hatással lehetünk arra, hogy a világot lelki, szellemi, kulturális, szociális téren helyreállítsuk, igazítsuk.</p>



<p>Ennek a tanulóterepe és eszköze a gyülekezet. A gyülekezet pótolhatatlan és feltétlenül szükséges szolgálatot végez ebben a városban és környékén. Ami ránk van bízva, azt senki más nem tudja adni. Munkánk révén emberi életek, kapcsolatok gyógyulnak, gyermekeket, fiatalokat tanítunk jól eligazodni a világban, értékes célokért élni; felnőttek találják meg örömüket a hivatásukban, családi és közösségi életükben, idősek, rászorulók társakat és támaszt kapnak… Ott vagyunk az élet minden területén minden korosztályban és minden élethelyzetben.</p>



<p>Kevesen tudják, hogy a gyülekezet minden tevékenységét – Isten szeretetét – ingyen adja. De ez azért lehetséges, mert akik felismerték, hogy ez fontos, azok adományaikkal fenntartják a gyülekezetet.</p>



<p>Ha szívesen része lenne Isten csapatának, és szeretne jótékony &#8222;lelki lábnyomot&#8221; hagyni ebben a világban, örömmel fogadjuk anyagi hozzájárulását és önkéntes munkáját.</p>



<p>Adományát eljuttathatja hozzánk</p>



<ul class="wp-block-list"><li>személyesen – egyeztessünk a találkozásról! <a href="https://szolnok.lutheran.hu/content/?page_id=592(megnyitás új fülön)">Kapcsolat ide kattintva elérhető.</a></li><li>átutalással a Szolnoki Evangélikus Egyházközség 11745011-20055071 számlájára</li><li>csekken – kérje elérhetőségeink valamelyikén! <a href="https://szolnok.lutheran.hu/content/?page_id=592(megnyitás új fülön)">Kapcsolat ide kattintva elérhető.</a></li><li>kártyával, online befizetéssel.</li></ul>



<p><a href="https://perselypenz.hu">Online befizetéshez kattintson ide.</a></p>



<p>Támogathatja szolgálatunkat alapítványunkon keresztül. <a href="https://szolnok.lutheran.hu/content/?page_id=308(megnyitás új fülön)">Bővebben&#8230;</a></p>



<p>Adója 1%-át is felajánlhatja. <a href="https://szolnok.lutheran.hu/content/?page_id=1031">Bővebben&#8230;</a></p>

<p>Spirituális lábnyom Sok szó esik manapság az ember „ökológiai lábnyomáról”. Az, ahogyan az életét éli, mennyi erőforrást emészt föl, és milyen kihatással van a környezetre. Az ember arra hivatott, hogy a világot „művelje és őrizze” (1Móz 2,15). Gondoltunk-e már arra, hogy lehet az életünknek jótékony „lelki lábnyoma”? Vagyis: valódi hatással lehetünk arra, hogy a világot &hellip; </p>
<p><a class="more-link btn" href="https://szolnok.lutheran.hu/content/?page_id=1027">Olvass tovább</a></p>
