{"id":1031,"date":"2021-11-30T14:53:57","date_gmt":"2021-11-30T13:53:57","guid":{"rendered":"http:\/\/szolnok.lutheran.hu\/content\/?page_id=1031"},"modified":"2021-11-30T14:53:57","modified_gmt":"2021-11-30T13:53:57","slug":"ado-1-felajanlas","status":"publish","type":"page","link":"https:\/\/szolnok.lutheran.hu\/content\/?page_id=1031","title":{"rendered":"Ad\u00f3 1% felaj\u00e1nl\u00e1s"},"content":{"rendered":"\n<p>Minden esztend\u0151ben lehet\u0151s\u00e9g van arra, hogy ad\u00f3nk k\u00e9tszer(!) egy sz\u00e1zal\u00e9k\u00e1r\u00f3l rendelkezz\u00fcnk. Ezt az \u00f6sszeget mindenk\u00e9ppen levonj\u00e1k a kereset\u00fcnkb\u0151l, de meghat\u00e1rozhatjuk, hogy kit szeretn\u00e9nk t\u00e1mogatni vele.<\/p>\n\n\n\n<p>Az els\u0151 egy sz\u00e1zal\u00e9kot valamely bejegyzett egyh\u00e1z r\u00e9sz\u00e9re lehet f\u00f6laj\u00e1nlani. Hadd aj\u00e1nljuk a <strong>Magyarorsz\u00e1gi Evang\u00e9likus Egyh\u00e1z<\/strong>at. Ennek a r\u00e9sznek a f\u00f6laj\u00e1nl\u00e1s\u00e1hoz a technikai sz\u00e1mra lesz sz\u00fcks\u00e9g, amely a MEE eset\u00e9ben <strong>0035<\/strong>.<\/p>\n\n\n\n<p>A m\u00e1sodik egyh\u00e1zat valamely civil szervezet sz\u00e1m\u00e1ra lehet f\u00f6laj\u00e1nlani. Hadd aj\u00e1nljuk gy\u00fclekezet\u00fcnk alap\u00edtv\u00e1ny\u00e1t, a <strong>Szolnoki Evang\u00e9likus Gy\u00fclekezet\u00e9rt Alap\u00edtv\u00e1ny<\/strong>t, amely k\u00f6z\u00f6ss\u00e9g\u00fcnk szolg\u00e1lat\u00e1t t\u00e1mogatja a v\u00e1ros jav\u00e1ra. A tev\u00e9kenys\u00e9gr\u0151l b\u0151vebb inform\u00e1ci\u00f3t <a href=\"https:\/\/szolnok.lutheran.hu\/content\/?page_id=308\" target=\"_blank\" rel=\"noreferrer noopener\">ide kattintva<\/a> tal\u00e1lhatunk. Ehhez a felaj\u00e1nl\u00e1shoz az alap\u00edtv\u00e1ny ad\u00f3sz\u00e1ma sz\u00fcks\u00e9ges: <strong>18832945-1-16<\/strong>.<\/p>\n\n\n\n<p>Id\u00e9zet a NAV honlapj\u00e1r\u00f3l:<\/p>\n\n\n\n<p>&#8222;Id\u00e9n is lehet\u0151s\u00e9g van arra, hogy rendelkezzen az \u00f6sszevont ad\u00f3alap ut\u00e1n befizetett szem\u00e9lyi j\u00f6vedelemad\u00f3ja 1+1%-\u00e1r\u00f3l. Ezt legk\u00e9s\u0151bb 2021. m\u00e1jus 20-\u00e1ig, az szja-bevall\u00e1st\u00f3l f\u00fcggetlen\u00fcl is megteheti.&#8221; A NAV honlapj\u00e1n err\u0151l \u00e9s a felaj\u00e1nl\u00e1sokat fogad\u00f3 egyh\u00e1zakr\u00f3l szervezetekr\u0151l b\u0151vebb inform\u00e1ci\u00f3 <a href=\"https:\/\/nav.gov.hu\/nav\/szja1_1\/1_1_szazalek\">ide kattintva<\/a> el\u00e9rhet\u0151.<\/p>\n","protected":false},"excerpt":{"rendered":"<p>Minden esztend\u0151ben lehet\u0151s\u00e9g van arra, hogy ad\u00f3nk k\u00e9tszer(!) egy sz\u00e1zal\u00e9k\u00e1r\u00f3l rendelkezz\u00fcnk. Ezt az \u00f6sszeget mindenk\u00e9ppen levonj\u00e1k a kereset\u00fcnkb\u0151l, de meghat\u00e1rozhatjuk, hogy kit szeretn\u00e9nk t\u00e1mogatni vele. Az els\u0151 egy sz\u00e1zal\u00e9kot valamely bejegyzett egyh\u00e1z r\u00e9sz\u00e9re lehet f\u00f6laj\u00e1nlani. Hadd aj\u00e1nljuk a Magyarorsz\u00e1gi Evang\u00e9likus Egyh\u00e1zat. Ennek a r\u00e9sznek a f\u00f6laj\u00e1nl\u00e1s\u00e1hoz a technikai sz\u00e1mra lesz sz\u00fcks\u00e9g, amely a MEE eset\u00e9ben &hellip; <\/p>\n<p><a class=\"more-link btn\" href=\"https:\/\/szolnok.lutheran.hu\/content\/?page_id=1031\">Olvass tov\u00e1bb<\/a><\/p>\n","protected":false},"author":1,"featured_media":0,"parent":0,"menu_order":0,"comment_status":"closed","ping_status":"closed","template":"","meta":{"footnotes":""},"class_list":["post-1031","page","type-page","status-publish","hentry","nodate","item-wrap"],"_links":{"self":[{"href":"https:\/\/szolnok.lutheran.hu\/content\/index.php?rest_route=\/wp\/v2\/pages\/1031","targetHints":{"allow":["GET"]}}],"collection":[{"href":"https:\/\/szolnok.lutheran.hu\/content\/index.php?rest_route=\/wp\/v2\/pages"}],"about":[{"href":"https:\/\/szolnok.lutheran.hu\/content\/index.php?rest_route=\/wp\/v2\/types\/page"}],"author":[{"embeddable":true,"href":"https:\/\/szolnok.lutheran.hu\/content\/index.php?rest_route=\/wp\/v2\/users\/1"}],"replies":[{"embeddable":true,"href":"https:\/\/szolnok.lutheran.hu\/content\/index.php?rest_route=%2Fwp%2Fv2%2Fcomments&post=1031"}],"version-history":[{"count":2,"href":"https:\/\/szolnok.lutheran.hu\/content\/index.php?rest_route=\/wp\/v2\/pages\/1031\/revisions"}],"predecessor-version":[{"id":1044,"href":"https:\/\/szolnok.lutheran.hu\/content\/index.php?rest_route=\/wp\/v2\/pages\/1031\/revisions\/1044"}],"wp:attachment":[{"href":"https:\/\/szolnok.lutheran.hu\/content\/index.php?rest_route=%2Fwp%2Fv2%2Fmedia&parent=1031"}],"curies":[{"name":"wp","href":"https:\/\/api.w.org\/{rel}","templated":true}]}}

Adó 1% felajánlás

<p>Minden esztendőben lehetőség van arra, hogy adónk kétszer(!) egy százalékáról rendelkezzünk. Ezt az összeget mindenképpen levonják a keresetünkből, de meghatározhatjuk, hogy kit szeretnénk támogatni vele.</p>



<p>Az első egy százalékot valamely bejegyzett egyház részére lehet fölajánlani. Hadd ajánljuk a <strong>Magyarországi Evangélikus Egyház</strong>at. Ennek a résznek a fölajánlásához a technikai számra lesz szükség, amely a MEE esetében <strong>0035</strong>.</p>



<p>A második egyházat valamely civil szervezet számára lehet fölajánlani. Hadd ajánljuk gyülekezetünk alapítványát, a <strong>Szolnoki Evangélikus Gyülekezetért Alapítvány</strong>t, amely közösségünk szolgálatát támogatja a város javára. A tevékenységről bővebb információt <a href="https://szolnok.lutheran.hu/content/?page_id=308" target="_blank" rel="noreferrer noopener">ide kattintva</a> találhatunk. Ehhez a felajánláshoz az alapítvány adószáma szükséges: <strong>18832945-1-16</strong>.</p>



<p>Idézet a NAV honlapjáról:</p>



<p>&#8222;Idén is lehetőség van arra, hogy rendelkezzen az összevont adóalap után befizetett személyi jövedelemadója 1+1%-áról. Ezt legkésőbb 2021. május 20-áig, az szja-bevallástól függetlenül is megteheti.&#8221; A NAV honlapján erről és a felajánlásokat fogadó egyházakról szervezetekről bővebb információ <a href="https://nav.gov.hu/nav/szja1_1/1_1_szazalek">ide kattintva</a> elérhető.</p>

<p>Minden esztendőben lehetőség van arra, hogy adónk kétszer(!) egy százalékáról rendelkezzünk. Ezt az összeget mindenképpen levonják a keresetünkből, de meghatározhatjuk, hogy kit szeretnénk támogatni vele. Az első egy százalékot valamely bejegyzett egyház részére lehet fölajánlani. Hadd ajánljuk a Magyarországi Evangélikus Egyházat. Ennek a résznek a fölajánlásához a technikai számra lesz szükség, amely a MEE esetében &hellip; </p>
<p><a class="more-link btn" href="https://szolnok.lutheran.hu/content/?page_id=1031">Olvass tovább</a></p>
