{"id":308,"date":"2016-12-08T21:16:54","date_gmt":"2016-12-08T20:16:54","guid":{"rendered":"http:\/\/szolnok.lutheran.hu\/content\/?page_id=308"},"modified":"2025-08-11T10:30:47","modified_gmt":"2025-08-11T08:30:47","slug":"gyulekezetert-alapitvany","status":"publish","type":"page","link":"https:\/\/szolnok.lutheran.hu\/content\/?page_id=308","title":{"rendered":"Szolnoki Evang\u00e9likus Gy\u00fclekezet\u00e9rt Alap\u00edtv\u00e1ny"},"content":{"rendered":"\n<p>Egyh\u00e1zk\u00f6zs\u00e9g\u00fcnk alap\u00edtv\u00e1nya a Szolnoki Evang\u00e9likus Gy\u00fclekezet\u00e9rt Alap\u00edtv\u00e1ny.<\/p>\n\n\n\n<p>Hogy mivel foglalkozik?<\/p>\n\n\n\n<p>Id\u00e9zz\u00fck az alap\u00edt\u00f3 okiratb\u00f3l:<\/p>\n\n\n\n<p>Az alap\u00edtv\u00e1ny c\u00e9lja:<\/p>\n\n\n\n<ul class=\"wp-block-list\">\n<li>a Szolnoki Evang\u00e9likus Egyh\u00e1zk\u00f6zs\u00e9g tev\u00e9kenys\u00e9g\u00e9nek t\u00e1mogat\u00e1sa, valamint a hit\u00e9let<br>er\u0151s\u00edt\u00e9se, k\u00fcl\u00f6n\u00f6s tekintettel az ifj\u00fas\u00e1g \u00e9s az id\u0151sek k\u00f6r\u00e9ben v\u00e9gzend\u0151<br>tev\u00e9kenys\u00e9ggel valamint az egyh\u00e1zi tulajdont k\u00e9pez\u0151 ingatlanok karbantart\u00e1s\u00e1val val\u00f3<br>k\u00f6zrem\u0171k\u00f6d\u00e9s;<\/li>\n\n\n\n<li>az ifj\u00fas\u00e1g k\u00f6r\u00e9ben v\u00e9gzend\u0151 oktat\u00f3 \u00e9s hitm\u00e9ly\u00edt\u0151 tev\u00e9kenys\u00e9g;<\/li>\n\n\n\n<li>az arra r\u00e1szorul\u00f3 id\u0151sek, egyed\u00fcl\u00e1ll\u00f3k gondoz\u00e1sa, esetleges anyagi t\u00e1mogat\u00e1sa;<\/li>\n\n\n\n<li>az egyh\u00e1zi tulajdont k\u00e9pez\u0151 templom \u00e9s m\u00e1s \u00e9p\u00fcletek karbantart\u00e1s\u00e1ban val\u00f3<br>k\u00f6zrem\u0171k\u00f6d\u00e9s;<\/li>\n\n\n\n<li>t\u00e1borok, f\u0151leg egyh\u00e1zi t\u00e1borok teljes k\u00f6r\u0171 lebonyol\u00edt\u00e1sa;<\/li>\n\n\n\n<li>kiadv\u00e1nyok, els\u0151sorban egyh\u00e1zi kiadv\u00e1nyok \u00edr\u00e1sa, terjeszt\u00e9se;<\/li>\n\n\n\n<li>feln\u0151ttk\u00e9pz\u00e9s, oktat\u00e1s;<\/li>\n\n\n\n<li>diak\u00f3niai , seg\u00edt\u0151 szolg\u00e1lat<\/li>\n\n\n\n<li>mindezek \u00e9rdek\u00e9ben rendezv\u00e9nyek szervez\u00e9se, tart\u00e1sa stb.;<\/li>\n\n\n\n<li>ugyanezek \u00e9rdek\u00e9ben informatikai fejleszt\u00e9sek \u00e9s egy\u00e9b szellemi term\u00e9kek<br>t\u00e1mogat\u00e1sa.<\/li>\n<\/ul>\n\n\n\n<p>Az alap\u00edtv\u00e1ny \u00e9s a gy\u00fclekezet seg\u00edts\u00e9g\u00e9vel a <strong>k\u00f6z\u00e9piskol\u00e1sok<\/strong> k\u00f6telez\u0151 <strong>\u00f6nk\u00e9ntes k\u00f6z\u00f6ss\u00e9gi szolg\u00e1lata<\/strong> is elv\u00e9gezhet\u0151. A v\u00e1ros k\u00f6z\u00e9piskol\u00e1ival erre n\u00e9zve keretszerz\u0151d\u00e9s\u00fcnk is van.<\/p>\n\n\n\n<p>Ne feledkezz\u00fcnk meg  az <strong>ad\u00f3 1%<\/strong> felaj\u00e1nl\u00e1s\u00e1nak lehet\u0151s\u00e9g\u00e9r\u0151l!<\/p>\n\n\n\n<p>Minden esztend\u0151ben lehet\u0151s\u00e9g van arra, hogy ad\u00f3nk k\u00e9tszer(!) egy sz\u00e1zal\u00e9k\u00e1r\u00f3l rendelkezz\u00fcnk. Ezt az \u00f6sszeget mindenk\u00e9ppen levonj\u00e1k a kereset\u00fcnkb\u0151l, de meghat\u00e1rozhatjuk, hogy kit szeretn\u00e9nk t\u00e1mogatni vele.<\/p>\n\n\n\n<p>Az els\u0151 egy sz\u00e1zal\u00e9kot valamely bejegyzett egyh\u00e1z r\u00e9sz\u00e9re lehet f\u00f6laj\u00e1nlani. Hadd aj\u00e1nljuk a <strong>Magyarorsz\u00e1gi Evang\u00e9likus Egyh\u00e1z<\/strong>at. Ennek a r\u00e9sznek a f\u00f6laj\u00e1nl\u00e1s\u00e1hoz a technikai sz\u00e1mra lesz sz\u00fcks\u00e9g, amely a MEE eset\u00e9ben <strong>0035<\/strong>.<\/p>\n\n\n\n<p>A m\u00e1sodik egyh\u00e1zat valamely civil szervezet sz\u00e1m\u00e1ra lehet f\u00f6laj\u00e1nlani. Hadd aj\u00e1nljuk gy\u00fclekezet\u00fcnk alap\u00edtv\u00e1ny\u00e1t, a <strong>Szolnoki Evang\u00e9likus Gy\u00fclekezet\u00e9rt Alap\u00edtv\u00e1ny<\/strong>t, amely k\u00f6z\u00f6ss\u00e9g\u00fcnk szolg\u00e1lat\u00e1t t\u00e1mogatja a v\u00e1ros jav\u00e1ra. Ehhez a felaj\u00e1nl\u00e1shoz az alap\u00edtv\u00e1ny ad\u00f3sz\u00e1ma sz\u00fcks\u00e9ges: <strong>18832945-1-16<\/strong>.<\/p>\n\n\n\n<p>Id\u00e9zet a NAV honlapj\u00e1r\u00f3l:<\/p>\n\n\n\n<p>&#8222;Id\u00e9n is lehet\u0151s\u00e9g van arra, hogy rendelkezzen az \u00f6sszevont ad\u00f3alap ut\u00e1n befizetett szem\u00e9lyi j\u00f6vedelemad\u00f3ja 1+1%-\u00e1r\u00f3l. Ezt legk\u00e9s\u0151bb 2021. m\u00e1jus 20-\u00e1ig, az szja-bevall\u00e1st\u00f3l f\u00fcggetlen\u00fcl is megteheti.&#8221;<\/p>\n\n\n\n<p>A NAV honlapj\u00e1n err\u0151l \u00e9s a felaj\u00e1nl\u00e1sokat fogad\u00f3 egyh\u00e1zakr\u00f3l szervezetekr\u0151l b\u0151vebb inform\u00e1ci\u00f3 <a href=\"https:\/\/nav.gov.hu\/nav\/szja1_1\/1_1_szazalek\">ide kattintva<\/a> el\u00e9rhet\u0151.<\/p>\n\n\n\n<p>K\u00e9rd\u00e9sek eset\u00e9n gy\u00fclekezet\u00fcnk el\u00e9rhet\u0151s\u00e9gein \u00e1llunk rendelkez\u00e9sre.<\/p>\n\n\n\n<h4 class=\"wp-block-heading\"><strong><span style=\"color: #993300;\">K\u00f6zhaszn\u00fas\u00e1gi jelent\u00e9sek:<\/span><\/strong><\/h4>\n\n\n\n<h4 class=\"wp-block-heading\"><a href=\"https:\/\/szolnok.lutheran.hu\/content\/wp-content\/uploads\/2019\/06\/KH2018.pdf\">2018<\/a>., <a href=\"https:\/\/szolnok.lutheran.hu\/content\/wp-content\/uploads\/2021\/06\/kozhasznusagi2020.pdf\">2019<\/a>., <a href=\"https:\/\/szolnok.lutheran.hu\/content\/wp-content\/uploads\/2021\/06\/kozhasznusagi2020.pdf\">2020<\/a>.,<a href=\"https:\/\/szolnok.lutheran.hu\/content\/wp-content\/uploads\/2022\/05\/EB00580384.pdf\" target=\"_blank\" rel=\"noreferrer noopener\"> 2021<\/a>., <a href=\"https:\/\/szolnok.lutheran.hu\/content\/wp-content\/uploads\/2023\/05\/EB00655235.pdf\" data-type=\"URL\" data-id=\"https:\/\/szolnok.lutheran.hu\/content\/wp-content\/uploads\/2023\/05\/EB00655235.pdf\" target=\"_blank\" rel=\"noreferrer noopener\">2022<\/a>., <a href=\"https:\/\/szolnok.lutheran.hu\/content\/wp-content\/uploads\/2024\/12\/2023-ev.pdf\">2023<\/a>., <a href=\"https:\/\/szolnok.lutheran.hu\/content\/wp-content\/uploads\/2025\/08\/PK_1042.pdf\" data-type=\"attachment\" data-id=\"1787\">2024<\/a>. \u00e9vi<\/h4>\n\n\n\n<p><\/p>\n","protected":false},"excerpt":{"rendered":"<p>Egyh\u00e1zk\u00f6zs\u00e9g\u00fcnk alap\u00edtv\u00e1nya a Szolnoki Evang\u00e9likus Gy\u00fclekezet\u00e9rt Alap\u00edtv\u00e1ny. Hogy mivel foglalkozik? Id\u00e9zz\u00fck az alap\u00edt\u00f3 okiratb\u00f3l: Az alap\u00edtv\u00e1ny c\u00e9lja: Az alap\u00edtv\u00e1ny \u00e9s a gy\u00fclekezet seg\u00edts\u00e9g\u00e9vel a k\u00f6z\u00e9piskol\u00e1sok k\u00f6telez\u0151 \u00f6nk\u00e9ntes k\u00f6z\u00f6ss\u00e9gi szolg\u00e1lata is elv\u00e9gezhet\u0151. A v\u00e1ros k\u00f6z\u00e9piskol\u00e1ival erre n\u00e9zve keretszerz\u0151d\u00e9s\u00fcnk is van. Ne feledkezz\u00fcnk meg az ad\u00f3 1% felaj\u00e1nl\u00e1s\u00e1nak lehet\u0151s\u00e9g\u00e9r\u0151l! Minden esztend\u0151ben lehet\u0151s\u00e9g van arra, hogy ad\u00f3nk k\u00e9tszer(!) &hellip; <\/p>\n<p><a class=\"more-link btn\" href=\"https:\/\/szolnok.lutheran.hu\/content\/?page_id=308\">Olvass tov\u00e1bb<\/a><\/p>\n","protected":false},"author":1,"featured_media":0,"parent":0,"menu_order":4,"comment_status":"closed","ping_status":"closed","template":"","meta":{"footnotes":""},"class_list":["post-308","page","type-page","status-publish","hentry","nodate","item-wrap"],"_links":{"self":[{"href":"https:\/\/szolnok.lutheran.hu\/content\/index.php?rest_route=\/wp\/v2\/pages\/308","targetHints":{"allow":["GET"]}}],"collection":[{"href":"https:\/\/szolnok.lutheran.hu\/content\/index.php?rest_route=\/wp\/v2\/pages"}],"about":[{"href":"https:\/\/szolnok.lutheran.hu\/content\/index.php?rest_route=\/wp\/v2\/types\/page"}],"author":[{"embeddable":true,"href":"https:\/\/szolnok.lutheran.hu\/content\/index.php?rest_route=\/wp\/v2\/users\/1"}],"replies":[{"embeddable":true,"href":"https:\/\/szolnok.lutheran.hu\/content\/index.php?rest_route=%2Fwp%2Fv2%2Fcomments&post=308"}],"version-history":[{"count":31,"href":"https:\/\/szolnok.lutheran.hu\/content\/index.php?rest_route=\/wp\/v2\/pages\/308\/revisions"}],"predecessor-version":[{"id":1789,"href":"https:\/\/szolnok.lutheran.hu\/content\/index.php?rest_route=\/wp\/v2\/pages\/308\/revisions\/1789"}],"wp:attachment":[{"href":"https:\/\/szolnok.lutheran.hu\/content\/index.php?rest_route=%2Fwp%2Fv2%2Fmedia&parent=308"}],"curies":[{"name":"wp","href":"https:\/\/api.w.org\/{rel}","templated":true}]}}