{"id":438,"date":"2018-10-05T10:42:08","date_gmt":"2018-10-05T08:42:08","guid":{"rendered":"http:\/\/szolnok.lutheran.hu\/content\/?page_id=438"},"modified":"2024-09-15T20:19:56","modified_gmt":"2024-09-15T18:19:56","slug":"szuloi-nap","status":"publish","type":"page","link":"https:\/\/szolnok.lutheran.hu\/content\/?page_id=438","title":{"rendered":"Sz\u00fcl\u0151i napok"},"content":{"rendered":"<div>K\u00e9pz\u00e9si nap olyan sz\u00fcl\u0151k \u00e9s m\u00e1s feln\u0151ttek r\u00e9sz\u00e9re, akikre gyermekek, fiatalok vannak b\u00edzva. A Szolnoki Evang\u00e9likus Egyh\u00e1zk\u00f6zs\u00e9g \u00e9vente 2-3 ilyen k\u00e9pz\u00e9si napot szervez. Jellemz\u0151en szombaton tartjuk ezeket 8.30\u201316.00 \u00f3ra k\u00f6z\u00f6tt.<\/div>\n<div>A 2024\/2025-\u00f6s tan\u00e9vben tartand\u00f3 k\u00e9t alkalom (szept. 28., \u00e1pr. 5.) illeszkedik a gy\u00fclekezet &#8222;Egy \u00e9v \u2013 egy kurzus&#8221; programj\u00e1ba, teh\u00e1t a k\u00e9t k\u00e9pz\u00e9si nap egy\u00fctt alkot egy kurzust.<\/div>\n<div><\/div>\n<div>K\u00e9t ter\u00fcletre szeretn\u00e9k a figyelmet r\u00e1ir\u00e1ny\u00edtani, \u00e9s ahhoz k\u00e9pz\u00e9st ny\u00fajtani.<\/div>\n<div><\/div>\n<div>Egyr\u00e9szt a fiatalokra.<\/div>\n<div>F\u0151 k\u00e9rd\u00e9s\u00fcnk, hogy hogyan lehet\u00fcnk seg\u00edts\u00e9g\u00e9re az ifjaknak abban, hogy stabil \u00f6n\u00e9rt\u00e9kel\u00e9ssel \u00e9s \u00e9rt\u00e9krenddel, eg\u00e9szs\u00e9ges kapcsolatokra k\u00e9pesen, adotts\u00e1gaikat a lehet\u0151 legjobban kibontakoztatva \u00e9ljenek. Megl\u00e1t\u00e1sunk szerint ehhez elengedhetetlen<\/div>\n<p>&#8211; egy j\u00f3l m\u0171k\u00f6d\u0151, otthonos, k\u00f6nnyen el\u00e9rhet\u0151, \u00e9rthet\u0151 k\u00f6z\u00f6ss\u00e9g,<br \/>\n&#8211; a feln\u0151ttek felk\u00e9sz\u00fclts\u00e9ge,<br \/>\n&#8211; \u00e9s akt\u00edv kezdem\u00e9nyez\u00e9s a feln\u0151ttek r\u00e9sz\u00e9r\u0151l.<\/p>\n<div>Meggy\u0151z\u0151d\u00e9s\u00fcnk szerint a kereszty\u00e9n hit k\u00fcl\u00f6n\u00f6sen is hasznos, s\u0151t n\u00e9lk\u00fcl\u00f6zhetetlen alapot \u00e9s er\u0151forr\u00e1sokat jelent ahhoz, hogy korunk kih\u00edv\u00e1saival sikeresen megbirk\u00f3zzunk. Ifjaink szellemi k\u00e9pz\u00e9s\u00e9t k\u00f6telez\u0151 oktat\u00e1si rendszer \u00e9s tov\u00e1bbi sok \u00e9v tanulm\u00e1ny, k\u00fcl\u00f6n\u00f3r\u00e1k \u00e9s m\u00e1s rendszerek r\u00e9v\u00e9n igyekszik biztos\u00edtani a t\u00e1rsadalom. A testi eg\u00e9szs\u00e9g fenntart\u00e1s\u00e1t naponk\u00e9nti testnevel\u00e9s \u00f3r\u00e1k, edz\u00e9sek seg\u00edtik, melyekre sok gondot ford\u00edt a t\u00e1gabb emberi k\u00f6z\u00f6ss\u00e9g; a testi eg\u00e9szs\u00e9g fontoss\u00e1ga szinte k\u00f6zponti gondolat a k\u00f6zfelfog\u00e1sban.<\/div>\n<div>Mit tehetn\u00e9nk az\u00e9rt, hogy ek\u00f6zben a lelki-kapcsolati k\u00e9pess\u00e9gek se sorvadjanak el, ne szoruljanak h\u00e1tt\u00e9rbe, hanem fontoss\u00e1guknak megfelel\u0151 figyelmet \u00e9s t\u00f6r\u0151d\u00e9st kapjanak? Erre szolg\u00e1l a gy\u00fclekezet, a h\u00edv\u0151 k\u00f6z\u00f6ss\u00e9g.<\/div>\n<div><\/div>\n<div>M\u00e1sr\u00e9szt a feln\u0151ttekre.<\/div>\n<div>Sokan a gyermekeik r\u00e9v\u00e9n \u2013 mintegy a kedv\u00fck\u00e9rt \u2013 tartanak \u00e1tmenetileg kapcsolatot a gy\u00fclekezettel, \u00e9s foglalkoznak bizonyos m\u00e9rt\u00e9kig a hit k\u00e9rd\u00e9seivel. Pr\u00f3b\u00e1lnak a gyermekeiknek megadni mindent e t\u00e9ren is, mik\u00f6zben az \u0151 \u00e9let\u00fckb\u0151l is hi\u00e1nyzik Isten. Kimaradt. Ez\u00e9rt egyfel\u0151l nagyon korl\u00e1tozott, amit a gyermekeiknek adni tudnak. M\u00e1sr\u00e9szt sz\u00fcks\u00e9ge van minden feln\u0151tt embernek is arra, hogy &#8222;saj\u00e1t jogon&#8221; foglalkozz\u00e9k a hit k\u00e9rd\u00e9seivel, \u00e9s a saj\u00e1t lelk\u00e9vel.<\/div>\n<div><\/div>\n<p>Tudva, hogy v\u00e1rosunkban rengeteg kiv\u00e1l\u00f3 tev\u00e9kenys\u00e9g folyik hasonl\u00f3 c\u00e9lokkal, kifejezetten keress\u00fck a kapcsol\u00f3d\u00e1si pontokat. Igyeksz\u00fcnk megismerni m\u00e1sokat, \u00e9s megismertetni azt, amit a kereszty\u00e9n vil\u00e1gszeml\u00e9let tehet hozz\u00e1 a v\u00e1ros \u00e9let\u00e9hez.<\/p>\n<p>A most k\u00f6vetkez\u0151 sz\u00fcl\u0151i nap param\u00e9terei:<\/p>\n<p><a href=\"https:\/\/szolnok.lutheran.hu\/content\/wp-content\/uploads\/2024\/04\/20240414_062353_0000.png\"><img loading=\"lazy\" decoding=\"async\" class=\"alignnone  wp-image-1356\" src=\"https:\/\/szolnok.lutheran.hu\/content\/wp-content\/uploads\/2024\/04\/20240414_062353_0000.png\" alt=\"\" width=\"598\" height=\"501\" srcset=\"https:\/\/szolnok.lutheran.hu\/content\/wp-content\/uploads\/2024\/04\/20240414_062353_0000.png 940w, https:\/\/szolnok.lutheran.hu\/content\/wp-content\/uploads\/2024\/04\/20240414_062353_0000-300x251.png 300w, https:\/\/szolnok.lutheran.hu\/content\/wp-content\/uploads\/2024\/04\/20240414_062353_0000-768x644.png 768w, https:\/\/szolnok.lutheran.hu\/content\/wp-content\/uploads\/2024\/04\/20240414_062353_0000-847x710.png 847w\" sizes=\"auto, (max-width: 598px) 100vw, 598px\" \/><\/a><\/p>\n<div><\/div>\n<p><a href=\"https:\/\/forms.gle\/4wABgQBshizSYBMKA\"><strong>A jelentkez\u00e9si fel\u00fcletet el\u00e9rhet\u0151 ide kattintva.<\/strong><\/a><\/p>\n<p>Tov\u00e1bbi inform\u00e1ci\u00f3: Gy\u0151ri P\u00e9ter Benj\u00e1min lelk\u00e9sz, <a href=\"mailto:szolnok@evangelikus.hu\">szolnok@evangelikus.hu<\/a>, +36208244829<\/p>\n<p>A hit nem puszt\u00e1n szok\u00e1sok vagy erk\u00f6lcsi szab\u00e1lyok \u00f6sszess\u00e9ge, hanem vil\u00e1gn\u00e9zet. Mindenkinek van ilyen, m\u00e9g ha nem is tudatosodik benne. A hit az a lencse, amelyen kereszt\u00fcl n\u00e9zve tekint\u00fcnk az \u00e9let\u00fcnk minden ter\u00fclet\u00e9re. Egy sz\u0171r\u0151, amely alapj\u00e1n kiv\u00e1lasztjuk, mit tartunk igaznak vagy hamisnak, helyesnek vagy helytelennek. Ez ir\u00e1ny\u00edtja d\u00f6nt\u00e9seinket, form\u00e1lja v\u00e9lem\u00e9ny\u00fcnket.<br \/>\nA kereszty\u00e9n hit egy eg\u00e9szen saj\u00e1tos vil\u00e1gn\u00e9zet. Sok sz\u00f3 esik r\u00f3la manaps\u00e1g, \u00e1m kevesen j\u00e1rnak a v\u00e9g\u00e9re, hogy pontosan mi is az. Elutas\u00edtj\u00e1k, noha nem is ismerik igaz\u00e1n. K\u00f6z\u00f6mb\u00f6sek vele szemben, de nem tudatosodik benn\u00fck, hogy l\u00e9nyeg\u00e9ben mindaz, ami a mi t\u00e1rsadalmunkat \u00e9lhet\u0151v\u00e9 teszi, mind a kereszty\u00e9n hitben gy\u00f6kerezik.<br \/>\nGy\u00fclekezet\u00fcnk \u00fagy d\u00f6nt\u00f6tt, hogy nem k\u00edv\u00e1n t\u00e9tlen szeml\u00e9l\u0151je lenni a vil\u00e1g folyamatainak, \u00e9s nem akar passzivit\u00e1s\u00e1val assziszt\u00e1lni ahhoz, hogy a gener\u00e1ci\u00f3k \u00e9lnek tiszta vil\u00e1gn\u00e9zeti koordin\u00e1tarendszer n\u00e9lk\u00fcl. Nem akarja mag\u00e1ra hagyni a fiatalokat, \u00e9s nem vonja meg a v\u00e1ll\u00e1t, hogy \u201enincs mit tenni, ilyen a mai vil\u00e1g\u201d. Hanem meg akarja mutatni azt a lehet\u0151s\u00e9get, amely er\u0151s alapot, re\u00e1lis c\u00e9lokat \u00e9s \u00e9rtelmes t\u00e1vlatot k\u00e9pes adni az emberi \u00e9letnek.<br \/>\nEz\u00e9rt f\u00e1radozik \u2013 t\u00f6bbek k\u00f6z\u00f6tt \u2013 egy ifj\u00fas\u00e1gi h\u00e1z l\u00e9trehoz\u00e1s\u00e1n Szolnok v\u00e1ros\u00e1nak a sz\u00edv\u00e9ben. Ez\u00e9rt keresi a kapcsolatot mindazokkal, akik fiatalok \u00e9let\u00e9\u00e9rt, nevel\u00e9s\u00e9\u00e9rt felel\u0151sek. \u00c9s ez\u00e9rt szervez sz\u00e1mukra \u00e9vente k\u00e9t-h\u00e1rom tal\u00e1lkoz\u00f3t, k\u00e9pz\u00e9si alkalmat.<\/p>\n","protected":false},"excerpt":{"rendered":"<p>K\u00e9pz\u00e9si nap olyan sz\u00fcl\u0151k \u00e9s m\u00e1s feln\u0151ttek r\u00e9sz\u00e9re, akikre gyermekek, fiatalok vannak b\u00edzva. A Szolnoki Evang\u00e9likus Egyh\u00e1zk\u00f6zs\u00e9g \u00e9vente 2-3 ilyen k\u00e9pz\u00e9si napot szervez. Jellemz\u0151en szombaton tartjuk ezeket 8.30\u201316.00 \u00f3ra k\u00f6z\u00f6tt. A 2024\/2025-\u00f6s tan\u00e9vben tartand\u00f3 k\u00e9t alkalom (szept. 28., \u00e1pr. 5.) illeszkedik a gy\u00fclekezet &#8222;Egy \u00e9v \u2013 egy kurzus&#8221; programj\u00e1ba, teh\u00e1t a k\u00e9t k\u00e9pz\u00e9si nap egy\u00fctt &hellip; <\/p>\n<p><a class=\"more-link btn\" href=\"https:\/\/szolnok.lutheran.hu\/content\/?page_id=438\">Olvass tov\u00e1bb<\/a><\/p>\n","protected":false},"author":1,"featured_media":0,"parent":0,"menu_order":0,"comment_status":"closed","ping_status":"closed","template":"","meta":{"footnotes":""},"class_list":["post-438","page","type-page","status-publish","hentry","nodate","item-wrap"],"_links":{"self":[{"href":"https:\/\/szolnok.lutheran.hu\/content\/index.php?rest_route=\/wp\/v2\/pages\/438","targetHints":{"allow":["GET"]}}],"collection":[{"href":"https:\/\/szolnok.lutheran.hu\/content\/index.php?rest_route=\/wp\/v2\/pages"}],"about":[{"href":"https:\/\/szolnok.lutheran.hu\/content\/index.php?rest_route=\/wp\/v2\/types\/page"}],"author":[{"embeddable":true,"href":"https:\/\/szolnok.lutheran.hu\/content\/index.php?rest_route=\/wp\/v2\/users\/1"}],"replies":[{"embeddable":true,"href":"https:\/\/szolnok.lutheran.hu\/content\/index.php?rest_route=%2Fwp%2Fv2%2Fcomments&post=438"}],"version-history":[{"count":30,"href":"https:\/\/szolnok.lutheran.hu\/content\/index.php?rest_route=\/wp\/v2\/pages\/438\/revisions"}],"predecessor-version":[{"id":1621,"href":"https:\/\/szolnok.lutheran.hu\/content\/index.php?rest_route=\/wp\/v2\/pages\/438\/revisions\/1621"}],"wp:attachment":[{"href":"https:\/\/szolnok.lutheran.hu\/content\/index.php?rest_route=%2Fwp%2Fv2%2Fmedia&parent=438"}],"curies":[{"name":"wp","href":"https:\/\/api.w.org\/{rel}","templated":true}]}}