{"id":563,"date":"2019-09-05T16:05:38","date_gmt":"2019-09-05T14:05:38","guid":{"rendered":"http:\/\/szolnok.lutheran.hu\/content\/?page_id=563"},"modified":"2024-09-15T20:17:21","modified_gmt":"2024-09-15T18:17:21","slug":"gyermek-istentisztelet","status":"publish","type":"page","link":"https:\/\/szolnok.lutheran.hu\/content\/?page_id=563","title":{"rendered":"Gyermek-istentisztelet"},"content":{"rendered":"\n<p>J\u00e9zus mondja: &#8222;Engedj\u00e9tek hozz\u00e1m j\u00f6nni a kisgyermekeket!&#8221; (M\u00e1rk 10,14)<\/p>\n\n\n\n<p>Minden, amit tudunk, azt az emberi k\u00f6z\u00f6ss\u00e9gben tanultuk meg. Emberr\u00e9 r\u00e9szben sz\u00fclet\u00fcnk, r\u00e9szben azz\u00e1 nevelked\u00fcnk. Ehhez sz\u00fcks\u00e9g van csal\u00e1dra, k\u00f6z\u00f6ss\u00e9gre.<\/p>\n\n\n\n<p>\u00cdgy van ez a hittel, h\u00edv\u0151 \u00e9lettel kapcsolatban is. Isten nyelv\u00e9t megtanulni, mozdulatait ellesni, a Hozz\u00e1 k\u00f6t\u0151d\u00e9st \u00e9p\u00edteni az \u0151 csal\u00e1dj\u00e1ban \u00e9lve lehet.<\/p>\n\n\n\n<p>\u00c9let\u00fcnk legmeghat\u00e1roz\u00f3bb alapjait eg\u00e9szen kis korunkban fektetj\u00fck le. A k\u00e9s\u0151bbiek mind erre \u00e9p\u00fclnek. A besz\u00e9d tanul\u00e1s\u00e1val nem v\u00e1rjuk meg, m\u00edg gyermekeink feln\u0151nek. Az emberi egy\u00fctt\u00e9l\u00e9st sem az iskol\u00e1ban kezdj\u00fck megtanulni, hanem otthon, a csal\u00e1di k\u00f6zegben ellesve, ut\u00e1nozva. Szok\u00e1sunkk\u00e1, l\u00e9ny\u00fcnkk\u00e9 v\u00e1lik, bel\u00e9nk iv\u00f3dik annak a k\u00f6zegnek minden von\u00e1sa, hangulata, amelyben \u00e9l\u00fcnk.<\/p>\n\n\n\n<p>Ez\u00e9rt fontos, hogy m\u00e1r gyermekkort\u00f3l kezdve term\u00e9szetes kapcsolatunk legyen Istennel az \u0151 csal\u00e1dja r\u00e9v\u00e9n.<\/p>\n\n\n\n<p>El\u0151fordul, hogy valakinek a gyermekkor\u00e1b\u00f3l, neveltet\u00e9s\u00e9b\u0151l kimarad Isten \u00e9s a gy\u00fclekezet. Mondhatni: feln\u0151tt l\u00e9t\u00e9re a hitben gyermek.<\/p>\n\n\n\n<p>Gyermekeknek, kis gyermekes csal\u00e1doknak, \u00e9s ak\u00e1r a hitben a felfedez\u0151, ismerked\u0151 szakaszban j\u00e1r\u00f3knak sz\u00f3l a megh\u00edv\u00e1sunk a gyermek-istentiszteletekre.<br><\/p>\n\n\n\n<p>Ezeket minden h\u00f3nap m\u00e1sodik vas\u00e1rnapj\u00e1n 9 \u00f3r\u00e1t\u00f3l tartjuk a templomban.<\/p>\n\n\n\n<p>K\u00f6vetkez\u0151 alkalmak:<\/p>\n\n\n\n<p>2024. okt\u00f3ber 13., vas\u00e1rnap 9 \u00f3ra \u2013 gyermek-istentisztelet.<\/p>\n\n\n\n<p>2024. november 10., vas\u00e1rnap  9 \u00f3ra \u2013 gyermek-istentisztelet.<\/p>\n\n\n\n<p>2024. december 8., vas\u00e1rnap 9 \u00f3ra &#8211; gyermek-istentisztelet<\/p>\n","protected":false},"excerpt":{"rendered":"<p>J\u00e9zus mondja: &#8222;Engedj\u00e9tek hozz\u00e1m j\u00f6nni a kisgyermekeket!&#8221; (M\u00e1rk 10,14) Minden, amit tudunk, azt az emberi k\u00f6z\u00f6ss\u00e9gben tanultuk meg. Emberr\u00e9 r\u00e9szben sz\u00fclet\u00fcnk, r\u00e9szben azz\u00e1 nevelked\u00fcnk. Ehhez sz\u00fcks\u00e9g van csal\u00e1dra, k\u00f6z\u00f6ss\u00e9gre. \u00cdgy van ez a hittel, h\u00edv\u0151 \u00e9lettel kapcsolatban is. Isten nyelv\u00e9t megtanulni, mozdulatait ellesni, a Hozz\u00e1 k\u00f6t\u0151d\u00e9st \u00e9p\u00edteni az \u0151 csal\u00e1dj\u00e1ban \u00e9lve lehet. \u00c9let\u00fcnk legmeghat\u00e1roz\u00f3bb alapjait &hellip; <\/p>\n<p><a class=\"more-link btn\" href=\"https:\/\/szolnok.lutheran.hu\/content\/?page_id=563\">Olvass tov\u00e1bb<\/a><\/p>\n","protected":false},"author":1,"featured_media":0,"parent":0,"menu_order":0,"comment_status":"closed","ping_status":"closed","template":"","meta":{"footnotes":""},"class_list":["post-563","page","type-page","status-publish","hentry","nodate","item-wrap"],"_links":{"self":[{"href":"https:\/\/szolnok.lutheran.hu\/content\/index.php?rest_route=\/wp\/v2\/pages\/563","targetHints":{"allow":["GET"]}}],"collection":[{"href":"https:\/\/szolnok.lutheran.hu\/content\/index.php?rest_route=\/wp\/v2\/pages"}],"about":[{"href":"https:\/\/szolnok.lutheran.hu\/content\/index.php?rest_route=\/wp\/v2\/types\/page"}],"author":[{"embeddable":true,"href":"https:\/\/szolnok.lutheran.hu\/content\/index.php?rest_route=\/wp\/v2\/users\/1"}],"replies":[{"embeddable":true,"href":"https:\/\/szolnok.lutheran.hu\/content\/index.php?rest_route=%2Fwp%2Fv2%2Fcomments&post=563"}],"version-history":[{"count":16,"href":"https:\/\/szolnok.lutheran.hu\/content\/index.php?rest_route=\/wp\/v2\/pages\/563\/revisions"}],"predecessor-version":[{"id":1619,"href":"https:\/\/szolnok.lutheran.hu\/content\/index.php?rest_route=\/wp\/v2\/pages\/563\/revisions\/1619"}],"wp:attachment":[{"href":"https:\/\/szolnok.lutheran.hu\/content\/index.php?rest_route=%2Fwp%2Fv2%2Fmedia&parent=563"}],"curies":[{"name":"wp","href":"https:\/\/api.w.org\/{rel}","templated":true}]}}