{"id":891,"date":"2020-08-17T11:20:07","date_gmt":"2020-08-17T09:20:07","guid":{"rendered":"http:\/\/szolnok.lutheran.hu\/content\/?page_id=891"},"modified":"2022-06-01T14:34:50","modified_gmt":"2022-06-01T12:34:50","slug":"a-szolnoki-evangelikus-templom-bovitese-kozossegi-hazzal-cimu-top-7-1-1-16-h-erfa-2019-00064-palyazat","status":"publish","type":"page","link":"https:\/\/szolnok.lutheran.hu\/content\/?page_id=891","title":{"rendered":"&#8222;A Szolnoki Evang\u00e9likus Templom b\u0151v\u00edt\u00e9se k\u00f6z\u00f6ss\u00e9gi h\u00e1zzal&#8221; c\u00edm\u0171 TOP-7.1.1-16-H-ERFA-2019-00064 p\u00e1ly\u00e1zat"},"content":{"rendered":"\n<figure class=\"wp-block-image size-large\"><img loading=\"lazy\" decoding=\"async\" width=\"1024\" height=\"708\" src=\"https:\/\/szolnok.lutheran.hu\/content\/wp-content\/uploads\/2020\/08\/infoblokk_kedv_final_felso_cmyk_en_ERFA-1024x708.jpg\" alt=\"\" class=\"wp-image-902\" srcset=\"https:\/\/szolnok.lutheran.hu\/content\/wp-content\/uploads\/2020\/08\/infoblokk_kedv_final_felso_cmyk_en_ERFA-1024x708.jpg 1024w, https:\/\/szolnok.lutheran.hu\/content\/wp-content\/uploads\/2020\/08\/infoblokk_kedv_final_felso_cmyk_en_ERFA-300x207.jpg 300w, https:\/\/szolnok.lutheran.hu\/content\/wp-content\/uploads\/2020\/08\/infoblokk_kedv_final_felso_cmyk_en_ERFA-768x531.jpg 768w, https:\/\/szolnok.lutheran.hu\/content\/wp-content\/uploads\/2020\/08\/infoblokk_kedv_final_felso_cmyk_en_ERFA.jpg 1453w\" sizes=\"auto, (max-width: 1024px) 100vw, 1024px\" \/><\/figure>\n\n\n\n<p>A kedvezm\u00e9nyezett neve: Szolnoki\nEvang\u00e9likus Egyh\u00e1zk\u00f6zs\u00e9g<\/p>\n\n\n\n<p>A projekt\nc\u00edme: A Szolnoki Evang\u00e9likus Templom b\u0151v\u00edt\u00e9se k\u00f6z\u00f6ss\u00e9gi h\u00e1zzal<\/p>\n\n\n\n<p>A szerz\u0151d\u00f6tt t\u00e1mogat\u00e1s\n\u00f6sszege: 40.000.000.- Ft<\/p>\n\n\n\n<p>A t\u00e1mogat\u00e1s m\u00e9rt\u00e9ke: 31,89%<\/p>\n\n\n\n<p>A projekt tartalm\u00e1nak\nbemutat\u00e1sa:<\/p>\n\n\n\n<p>A k\u00f6z\u00f6ss\u00e9gi h\u00e1z\n\u00e9p\u00edt\u00e9s\u00e9vel a projekt c\u00e9lja a szolnoki evang\u00e9likus gy\u00fclekezet k\u00f6z\u00f6ss\u00e9g\n\u00e9letter\u00e9nek b\u0151v\u00edt\u00e9se. Saj\u00e1tos, kereszty\u00e9n szeml\u00e9let\u00fcnkkel val\u00f3 akt\u00edv r\u00e9szv\u00e9tel\nSzolnok v\u00e1ros ifj\u00fas\u00e1ggal kapcsolatos tev\u00e9kenys\u00e9geiben, kultur\u00e1lis \u00e9let\u00e9ben.<\/p>\n\n\n\n<p>A gy\u00fclekezet sz\u00e9les\nk\u00f6rben k\u00e9pes lesz megmutatni, hogy Szolnokon van l\u00e9tjogosults\u00e1ga a kereszty\u00e9n\n\u00e9rt\u00e9krenden alapul\u00f3 \u00e9letnek \u00e9s nem csup\u00e1n az \u00fcnnepeken, hanem a mindennapokban\nis. Ezzel a saj\u00e1tos n\u00e9zettel szeretne megker\u00fclhetetlen szerepl\u0151je lenni Szolnok\nk\u00f6z\u00f6ss\u00e9gi \u00e9let\u00e9nek, hogy alternat\u00edv\u00e1t tudjon k\u00edn\u00e1lni k\u00f6z\u00f6ss\u00e9ghez val\u00f3\ntartoz\u00e1sban \u00e9s a szabadid\u0151 hasznos elt\u00f6lt\u00e9s\u00e9ben Szolnok v\u00e1ros fiatal, feln\u0151tt\n\u00e9s id\u0151s lak\u00f3inak is.<\/p>\n\n\n\n<p>A k\u00f6z\u00f6ss\u00e9gi h\u00e1z\n\u00e9p\u00edt\u00e9s\u00e9vel egyr\u00e9szt megold\u00f3dik a templom akad\u00e1lymentes\u00edt\u00e9se, mind a mozg\u00e1sukban\nkorl\u00e1tozott embert\u00e1rsaink, mind a gyermekek, csal\u00e1dosok, id\u0151sek sz\u00e1m\u00e1ra.\nM\u00e1sr\u00e9szt mosd\u00f3k is kialak\u00edt\u00e1sra ker\u00fclnek, mely jelenleg \u00f3ri\u00e1si hi\u00e1ny.\nHarmadr\u00e9szt az istentiszteleti \u00e9s k\u00f6z\u00f6ss\u00e9gi \u00e9let el\u0151tt \u00faj t\u00e1vlatok ny\u00edlhatnak.\nA t\u00e1gas el\u0151t\u00e9rben \u00e9s teremben nem csak az istentisztelettel p\u00e1rhuzamos gyermek-\n\u00e9s ifj\u00fas\u00e1gi programok val\u00f3sulhatnak meg, hanem a h\u00e9tk\u00f6znapi programok egy r\u00e9sze\nis itt kap helyet oly m\u00f3don, hogy nem csak a tipikusan egyh\u00e1zias jelleg\u0171, hanem\na v\u00e1ros sz\u00e9lesebb k\u00f6z\u00f6ss\u00e9g\u00e9t szolg\u00e1l\u00f3 tal\u00e1lkoz\u00e1sok tere lesz. Nem utols\u00f3 sorban\na templom jobb kihaszn\u00e1l\u00e1s\u00e1t is szolg\u00e1lja ez a fejleszt\u00e9s. \u00cdgy teh\u00e1t az \u00faj\n\u00e9p\u00fcletr\u00e9szben a t\u00f6bb funkci\u00f3s nagyterem mellett teakonyha, a gal\u00e9ri\u00e1n k\u00f6z\u00f6ss\u00e9gi\nt\u00e1rsalg\u00f3, iroda \u00e9s t\u00e1rol\u00f3 is l\u00e9tes\u00fcl.<\/p>\n\n\n\n<p>A projekt m\u0171szaki\ntartalma mag\u00e1ban foglalja a f\u00f6ldszint + 1 emeletes, brutt\u00f3 190,53 m2-es\nk\u00f6z\u00f6ss\u00e9gi h\u00e1z \u00e9p\u00edt\u00e9s\u00e9t, amely egy nyaktaggal kapcsol\u00f3dik majd a megl\u00e9v\u0151\ntemplomhoz. A beruh\u00e1z\u00e1s a k\u00f6z\u00f6ss\u00e9gi h\u00e1zzal egybe\u00e9p\u00edt\u00e9sre ker\u00fcl\u0151, megl\u00e9v\u0151\ntemplom\u00e9p\u00fcletet nem \u00e9rinti.<\/p>\n\n\n\n<p>A projekt tervezett befejez\u00e9si d\u00e1tuma: 2021. febru\u00e1r 28.<\/p>\n\n\n\n<p>A projekt azonos\u00edt\u00f3 sz\u00e1ma: TOP-7.1.1-16-H-ERFA-2019-00064<\/p>\n\n\n\n<figure class=\"wp-block-image size-large\"><img loading=\"lazy\" decoding=\"async\" width=\"1024\" height=\"708\" src=\"https:\/\/szolnok.lutheran.hu\/content\/wp-content\/uploads\/2020\/08\/infoblokk_kedv_final_CMYK_ERFA-1-1024x708.jpg\" alt=\"\" class=\"wp-image-900\" srcset=\"https:\/\/szolnok.lutheran.hu\/content\/wp-content\/uploads\/2020\/08\/infoblokk_kedv_final_CMYK_ERFA-1-1024x708.jpg 1024w, https:\/\/szolnok.lutheran.hu\/content\/wp-content\/uploads\/2020\/08\/infoblokk_kedv_final_CMYK_ERFA-1-300x207.jpg 300w, https:\/\/szolnok.lutheran.hu\/content\/wp-content\/uploads\/2020\/08\/infoblokk_kedv_final_CMYK_ERFA-1-768x531.jpg 768w, https:\/\/szolnok.lutheran.hu\/content\/wp-content\/uploads\/2020\/08\/infoblokk_kedv_final_CMYK_ERFA-1.jpg 1453w\" sizes=\"auto, (max-width: 1024px) 100vw, 1024px\" \/><\/figure>\n","protected":false},"excerpt":{"rendered":"<p>A kedvezm\u00e9nyezett neve: Szolnoki Evang\u00e9likus Egyh\u00e1zk\u00f6zs\u00e9g A projekt c\u00edme: A Szolnoki Evang\u00e9likus Templom b\u0151v\u00edt\u00e9se k\u00f6z\u00f6ss\u00e9gi h\u00e1zzal A szerz\u0151d\u00f6tt t\u00e1mogat\u00e1s \u00f6sszege: 40.000.000.- Ft A t\u00e1mogat\u00e1s m\u00e9rt\u00e9ke: 31,89% A projekt tartalm\u00e1nak bemutat\u00e1sa: A k\u00f6z\u00f6ss\u00e9gi h\u00e1z \u00e9p\u00edt\u00e9s\u00e9vel a projekt c\u00e9lja a szolnoki evang\u00e9likus gy\u00fclekezet k\u00f6z\u00f6ss\u00e9g \u00e9letter\u00e9nek b\u0151v\u00edt\u00e9se. Saj\u00e1tos, kereszty\u00e9n szeml\u00e9let\u00fcnkkel val\u00f3 akt\u00edv r\u00e9szv\u00e9tel Szolnok v\u00e1ros ifj\u00fas\u00e1ggal kapcsolatos tev\u00e9kenys\u00e9geiben, &hellip; <\/p>\n<p><a class=\"more-link btn\" href=\"https:\/\/szolnok.lutheran.hu\/content\/?page_id=891\">Olvass tov\u00e1bb<\/a><\/p>\n","protected":false},"author":1,"featured_media":0,"parent":0,"menu_order":0,"comment_status":"closed","ping_status":"closed","template":"","meta":{"footnotes":""},"class_list":["post-891","page","type-page","status-publish","hentry","nodate","item-wrap"],"_links":{"self":[{"href":"https:\/\/szolnok.lutheran.hu\/content\/index.php?rest_route=\/wp\/v2\/pages\/891","targetHints":{"allow":["GET"]}}],"collection":[{"href":"https:\/\/szolnok.lutheran.hu\/content\/index.php?rest_route=\/wp\/v2\/pages"}],"about":[{"href":"https:\/\/szolnok.lutheran.hu\/content\/index.php?rest_route=\/wp\/v2\/types\/page"}],"author":[{"embeddable":true,"href":"https:\/\/szolnok.lutheran.hu\/content\/index.php?rest_route=\/wp\/v2\/users\/1"}],"replies":[{"embeddable":true,"href":"https:\/\/szolnok.lutheran.hu\/content\/index.php?rest_route=%2Fwp%2Fv2%2Fcomments&post=891"}],"version-history":[{"count":5,"href":"https:\/\/szolnok.lutheran.hu\/content\/index.php?rest_route=\/wp\/v2\/pages\/891\/revisions"}],"predecessor-version":[{"id":1120,"href":"https:\/\/szolnok.lutheran.hu\/content\/index.php?rest_route=\/wp\/v2\/pages\/891\/revisions\/1120"}],"wp:attachment":[{"href":"https:\/\/szolnok.lutheran.hu\/content\/index.php?rest_route=%2Fwp%2Fv2%2Fmedia&parent=891"}],"curies":[{"name":"wp","href":"https:\/\/api.w.org\/{rel}","templated":true}]}}

&#8222;A Szolnoki Evangélikus Templom bővítése közösségi házzal&#8221; című TOP-7.1.1-16-H-ERFA-2019-00064 pályázat

<figure class="wp-block-image size-large"><img loading="lazy" decoding="async" width="1024" height="708" src="https://szolnok.lutheran.hu/content/wp-content/uploads/2020/08/infoblokk_kedv_final_felso_cmyk_en_ERFA-1024x708.jpg" alt="" class="wp-image-902" srcset="https://szolnok.lutheran.hu/content/wp-content/uploads/2020/08/infoblokk_kedv_final_felso_cmyk_en_ERFA-1024x708.jpg 1024w, https://szolnok.lutheran.hu/content/wp-content/uploads/2020/08/infoblokk_kedv_final_felso_cmyk_en_ERFA-300x207.jpg 300w, https://szolnok.lutheran.hu/content/wp-content/uploads/2020/08/infoblokk_kedv_final_felso_cmyk_en_ERFA-768x531.jpg 768w, https://szolnok.lutheran.hu/content/wp-content/uploads/2020/08/infoblokk_kedv_final_felso_cmyk_en_ERFA.jpg 1453w" sizes="auto, (max-width: 1024px) 100vw, 1024px" /></figure>



<p>A kedvezményezett neve: Szolnoki
Evangélikus Egyházközség</p>



<p>A projekt
címe: A Szolnoki Evangélikus Templom bővítése közösségi házzal</p>



<p>A szerződött támogatás
összege: 40.000.000.- Ft</p>



<p>A támogatás mértéke: 31,89%</p>



<p>A projekt tartalmának
bemutatása:</p>



<p>A közösségi ház
építésével a projekt célja a szolnoki evangélikus gyülekezet közösség
életterének bővítése. Sajátos, keresztyén szemléletünkkel való aktív részvétel
Szolnok város ifjúsággal kapcsolatos tevékenységeiben, kulturális életében.</p>



<p>A gyülekezet széles
körben képes lesz megmutatni, hogy Szolnokon van létjogosultsága a keresztyén
értékrenden alapuló életnek és nem csupán az ünnepeken, hanem a mindennapokban
is. Ezzel a sajátos nézettel szeretne megkerülhetetlen szereplője lenni Szolnok
közösségi életének, hogy alternatívát tudjon kínálni közösséghez való
tartozásban és a szabadidő hasznos eltöltésében Szolnok város fiatal, felnőtt
és idős lakóinak is.</p>



<p>A közösségi ház
építésével egyrészt megoldódik a templom akadálymentesítése, mind a mozgásukban
korlátozott embertársaink, mind a gyermekek, családosok, idősek számára.
Másrészt mosdók is kialakításra kerülnek, mely jelenleg óriási hiány.
Harmadrészt az istentiszteleti és közösségi élet előtt új távlatok nyílhatnak.
A tágas előtérben és teremben nem csak az istentisztelettel párhuzamos gyermek-
és ifjúsági programok valósulhatnak meg, hanem a hétköznapi programok egy része
is itt kap helyet oly módon, hogy nem csak a tipikusan egyházias jellegű, hanem
a város szélesebb közösségét szolgáló találkozások tere lesz. Nem utolsó sorban
a templom jobb kihasználását is szolgálja ez a fejlesztés. Így tehát az új
épületrészben a több funkciós nagyterem mellett teakonyha, a galérián közösségi
társalgó, iroda és tároló is létesül.</p>



<p>A projekt műszaki
tartalma magában foglalja a földszint + 1 emeletes, bruttó 190,53 m2-es
közösségi ház építését, amely egy nyaktaggal kapcsolódik majd a meglévő
templomhoz. A beruházás a közösségi házzal egybeépítésre kerülő, meglévő
templomépületet nem érinti.</p>



<p>A projekt tervezett befejezési dátuma: 2021. február 28.</p>



<p>A projekt azonosító száma: TOP-7.1.1-16-H-ERFA-2019-00064</p>



<figure class="wp-block-image size-large"><img loading="lazy" decoding="async" width="1024" height="708" src="https://szolnok.lutheran.hu/content/wp-content/uploads/2020/08/infoblokk_kedv_final_CMYK_ERFA-1-1024x708.jpg" alt="" class="wp-image-900" srcset="https://szolnok.lutheran.hu/content/wp-content/uploads/2020/08/infoblokk_kedv_final_CMYK_ERFA-1-1024x708.jpg 1024w, https://szolnok.lutheran.hu/content/wp-content/uploads/2020/08/infoblokk_kedv_final_CMYK_ERFA-1-300x207.jpg 300w, https://szolnok.lutheran.hu/content/wp-content/uploads/2020/08/infoblokk_kedv_final_CMYK_ERFA-1-768x531.jpg 768w, https://szolnok.lutheran.hu/content/wp-content/uploads/2020/08/infoblokk_kedv_final_CMYK_ERFA-1.jpg 1453w" sizes="auto, (max-width: 1024px) 100vw, 1024px" /></figure>

<p>A kedvezményezett neve: Szolnoki Evangélikus Egyházközség A projekt címe: A Szolnoki Evangélikus Templom bővítése közösségi házzal A szerződött támogatás összege: 40.000.000.- Ft A támogatás mértéke: 31,89% A projekt tartalmának bemutatása: A közösségi ház építésével a projekt célja a szolnoki evangélikus gyülekezet közösség életterének bővítése. Sajátos, keresztyén szemléletünkkel való aktív részvétel Szolnok város ifjúsággal kapcsolatos tevékenységeiben, &hellip; </p>
<p><a class="more-link btn" href="https://szolnok.lutheran.hu/content/?page_id=891">Olvass tovább</a></p>
